units digit of u(-5)?
4
Let g(l) = l**2 - 6*l + 10. Let p be g(4). Suppose -2*x - p*y + 16 = 0, 0*y + 4*y - 37 = -5*x. Suppose x*b - 21 = 4. What is the units digit of b?
5
Let z be 6/14 - (-8)/14. What is the units digit of 2/(z/(1/2))?
1
Let p = 189 + -49. Let w = p - 77. What is the units digit of w?
3
Suppose n + 59 + 497 = r, 3*r + 4*n = 1703. What is the units digit of r?
1
What is the tens digit of -1 + (-9)/(-18) - (-3674)/4?
1
Let f be (-2)/13 - (-788)/52. Let q(v) = v**3 - 14*v**2 - 9*v + 31. What is the hundreds digit of q(f)?
1
Suppose -2*p + 76 = 70. What is the units digit of p?
3
Let n be (45/(-12))/(6/(-16)). Suppose 15*s - 13*s = n. Suppose -2*g - 3*r + 63 = 0, -s*r = -2*r - 15. What is the tens digit of g?
2
Let o = 1940 + -1318. What is the hundreds digit of o?
6
What is the tens digit of ((-2685)/2)/(132/(-88))?
9
Let w(l) = -l + 29. Let b be w(12). Let n = 23 - b. What is the units digit of n/(-5)*(3 + -8)?
6
Suppose -4*c - 2*c + 1836 = 0. Suppose -5*x = -89 - c. Suppose 2*l - x = -2*i + i, 0 = -2*i - 10. What is the units digit of l?
2
Let y(i) = -i**3 - 3*i**2 - 4*i - 9. Let q be y(-3). Suppose 5*u - 6*b + q*b - 1550 = 0, 5*u - 1550 = 2*b. What is the tens digit of u?
1
Let p(x) = x**2 + 8*x + 16. Suppose 2*f + 2*f = 3*y - 83, -73 = -3*y - f. Let t = 16 - y. What is the tens digit of p(t)?
2
Let z = 13 - -2. Let q = z + -15. Suppose q = s - 11 - 37. What is the units digit of s?
8
Let s be (-12)/20 - 264/10. Let c = 30 + s. What is the units digit of c?
3
Let q = 54 - 42. Suppose 5*w - 11 = 9. Let u = q - w. What is the units digit of u?
8
Let l = -5 - -18. Let x be ((-3)/(-1) - 4) + l. Suppose -17 = -p + 3*t, -4*t - x = -4*p + 16. What is the units digit of p?
2
Let w = -168 + 629. What is the units digit of w?
1
Let z(p) = 29*p - 19. Let y be z(5). Let x = y + 19. What is the units digit of x?
5
Let l(i) = 113*i**2 + 4*i + 32. What is the units digit of l(-5)?
7
Let f = 53 - 9. What is the units digit of f?
4
Suppose 2*m - 5*m = -y - 11173, -m - y + 3723 = 0. What is the thousands digit of m?
3
Suppose 0*w = -4*w + 12. Let n(d) = -4. Let i(h) = h + 1. Let v(l) = w*i(l) - n(l). What is the tens digit of v(4)?
1
What is the hundreds digit of (-2)/(-22) + (-292005)/(-495)?
5
Let h(u) = -9*u**2 - 14*u. Let c(s) = -2*s**2 - 1. Let x(q) = -4*c(q) + h(q). Let b = 11 + -22. What is the tens digit of x(b)?
3
Let t(s) = 3 - 10*s**2 + s**3 - 2*s**2 + 2 + 12*s. What is the tens digit of t(11)?
1
Suppose -3*w = -4*j - 50, -4 = -2*w - 5*j + 14. Let c(i) = -4*i**3 + 3*i + 2. Let p be c(-1). Suppose -w = -p*g + g. What is the units digit of g?
7
Suppose 0 = 77*h - 86*h + 4653. What is the tens digit of h?
1
Let w be (-1)/1*(-4)/2. Suppose -4*j = 4*i - 26 + 6, -w*i + 4 = -j. Suppose -j*k - 7 = -7*k + y, 3*y + 3 = -3*k. What is the units digit of k?
1
Suppose -2*o = -2*h - 5*o + 2275, -5 = -5*o. What is the hundreds digit of h?
1
Let v = 4648 + -1818. What is the units digit of v?
0
Let i(c) = 103*c + 7. Let h be i(6). Suppose q + h = 5*l - 439, 5*q = 3*l - 656. What is the tens digit of l/12 - (-1)/3?
1
Let i(j) = 82*j**2 - 44*j + 4. What is the hundreds digit of i(-3)?
8
Suppose -4*s = -40*k + 42*k - 2236, 2*k + 564 = s. What is the hundreds digit of s?
5
Suppose -4*o - 5*p + 286 = 0, o - 2*p - 28 - 37 = 0. Suppose -4*r + 186 = 4*q - 2*r, -q = -4*r - o. What is the tens digit of q?
4
Let c(j) = -j**3 - 6*j**2 - 5*j - 2. Let x = 93 + -101. What is the tens digit of c(x)?
6
Let l be (-3)/((-6)/7)*14. Let b = l - 35. Let f(q) = q**3 - 14*q**2 + 2*q + 13. What is the units digit of f(b)?
1
What is the units digit of ((-46)/4 - -1)/((-6)/108)?
9
Suppose -5*v - 34 = -3*v. Let z = v - -8. What is the tens digit of (z/15)/(2/(-50))?
1
Suppose -9*d + 16*d = 2541. What is the hundreds digit of d?
3
Let g(s) = s**3 + 2*s**2 - 2*s + 5. Let c be g(-3). Suppose c*w - 2*y + 9 = 39, 4*y - 52 = -4*w. What is the units digit of w?
4
Let k(j) = -3*j**3 + 5*j**2 + 5*j - 22. Let v(w) = w**3 - w**2 - w - 1. Let o(z) = -k(z) - 4*v(z). Let d be 1*(-6)/48*0. What is the units digit of o(d)?
6
Let n(s) = s**3 - 20*s**2 + 23*s + 17. Let y = -14 + 33. What is the tens digit of n(y)?
9
Let a = -353 - -572. What is the units digit of a/3*(-2)/8*-4?
3
Suppose 4*w - 2*w - 584 = -2*t, 2*t = 3*w - 896. Suppose -6*o + w = -430. What is the units digit of o?
1
Suppose 16*h = 23*h + 42. What is the units digit of (288/27)/(-3 - 22/h)?
6
What is the hundreds digit of ((-498)/(-30) - 5)*65?
7
Let u(o) = -3*o**3 - 13*o**2 - 24*o - 7. Let v be u(-7). Suppose -8*d = -d - v. What is the units digit of d?
9
Let p(q) = 32*q**3 - 5*q**2 + 12*q - 19. What is the tens digit of p(3)?
3
Let u = -43 + 36. Let c(o) = 3*o**2 - 13*o - 25. What is the tens digit of c(u)?
1
Suppose -577 = -8*v + 2359. What is the units digit of v?
7
Let o(t) = -t. Let f be (-1 + 7/3)*3. Let q(m) = -m**3 + 3*m**2 + 3*m - 4. Let b be q(f). What is the units digit of o(b)?
8
What is the hundreds digit of 514*(-1 + (4 - 2) - 0)?
5
Suppose 0*d + 3*d = 27. Let o(h) = d*h - h**2 - 20*h - 5 + 3. What is the tens digit of o(-8)?
2
Suppose 57*h = 60*h - 228. Let z = h + -58. What is the tens digit of z?
1
Let u = -9 - -11. Suppose u*t - t - 33 = 0. What is the units digit of t?
3
Suppose -v - 1044 = 2*b - 4*b, -4*v = -16. Suppose 6*s - 712 = b. What is the tens digit of s?
0
Let d(r) = r**3 + 20*r**2 - 2*r + 46. What is the units digit of d(-19)?
5
Let a(d) = d**3 + 15*d**2 - 15*d + 18. Let g be a(-16). Let w(z) = 2*z**3 + 13 - 10 + 3*z**2 - 2*z**g - 2. What is the units digit of w(2)?
1
Suppose i + 4 = 0, b + 0*b - 3*i - 16 = 0. Suppose 2*w + v + b*v - 90 = 0, 3*v = -4*w + 208. What is the tens digit of w?
5
Let x(o) = 22*o**2 - o + 1. Let s be x(1). Let l = 117 - 68. Let h = l - s. What is the units digit of h?
7
Let k = 14 + -9. Suppose -5*j - 3*g + 79 = -g, 4*g + 97 = k*j. What is the tens digit of (j + -5)/((-6)/(-21))?
4
Let k = -1 - -6. Let v = -29 + 36. Suppose -j - 7 = -2*p, 3*p + k*j + v = 37. What is the units digit of p?
5
Suppose 2*s - 7*s = -10, 444 = 2*r - 3*s. What is the hundreds digit of r?
2
Let m = -59 + 112. Let b = 21 + -49. Let f = b + m. What is the tens digit of f?
2
Let s(r) = -3*r - 4. Let i be s(-3). Let b = 2 - i. What is the tens digit of (b/(-4))/(1/28)?
2
Let j(b) = 7*b**2 + 19*b - 79. What is the tens digit of j(-14)?
2
Let m(s) = s**3 - 3*s**2 - 9*s + 5. Let q be m(5). What is the tens digit of 5/(q/4) - -38?
4
What is the hundreds digit of ((-6244)/(-35))/(12/(-20) - -1)?
4
Suppose 11*c - 4069 = 7129. What is the units digit of c?
8
Let n = 56 - 153. Let q = -23 - n. What is the units digit of q?
4
Suppose 98 = 4*l - 2*l. What is the units digit of l?
9
What is the hundreds digit of 6/15*(-192905)/(-82)?
9
Let a = 32 - 12. Let i = -15 + a. Suppose -i*u + 2*u = -57. What is the units digit of u?
9
Let z(l) = l**2 - 12*l + 16. Let s be z(11). Let y be 12/20 + 7/s. Suppose 5*x + 0*h = -y*h + 201, 37 = x + 2*h. What is the units digit of x?
1
Let j = 61 + -44. Suppose b - j + 1 = u, b + 5*u = 16. What is the tens digit of b?
1
Suppose -4*h + 0*o - 2*o + 12 = 0, 5*h + o = 18. Suppose -2*y + h*y = 4. Suppose 0*v - 2 = y*v, 0 = 5*j - 2*v - 47. What is the units digit of j?
9
Suppose 0 = -4*y + 2*s + 1978, 0 = -y + s + 2*s + 502. What is the tens digit of y?
9
Suppose 0*d = 4*d. Let g(w) = -2*w - 9*w + d*w. What is the tens digit of g(-1)?
1
Suppose -8*y = -0*y. Suppose 5*s - 15 = y, 6*g - 13 = g + 4*s. Suppose 270 = g*l + 80. What is the tens digit of l?
3
Suppose 88615 = 39*j - 85130. What is the tens digit of j?
5
Let y(w) = w**3 - w**2 + w - 1. Let o(s) = 41*s**3 + 3*s**2 + 1. Let b(u) = -o(u) - y(u). Let f be b(-1). Suppose 3*v = f + 4. What is the tens digit of v?
1
Let n(q) = -q + 13. Let j(f) = -2*f - 9. Let m be j(-9). Let g be n(m). Suppose g*p - 3*p = 13. What is the units digit of p?
3
Let z = 10 - 7. Suppose z*b + 3*l = 54, 0*l + 90 = 4*b - 5*l. What is the tens digit of b?
2
Suppose 0 = 3*z - v - 5479, 23*z - 18*z + v = 9145. What is the hundreds digit of z?
8
Let a(n) = -n**2 + 98*n - 178. What is the tens digit of a(28)?
8
Let t = 687 + 826. What is the thousands digit of t?
1
Suppose 3*f = -4*p + 3684, 5*p + 1868 = 7*p - 5*f. What is the units digit of p?
4
Let t(h) b